ative of -1/12*g**m - g + 2*g**2 + 0 - 1/2*g**3. Calculate k(-5).
-6
Let c(t) = -2*t**2 - 2*t + 15. Suppose 0 = -4*d - 4*v + 8, -v + 0*v = 4*d - 5. Let r(h) = -h**2 - h. Let g(w) = d*c(w) - 3*r(w). Determine g(0).
15
Let m(s) be the first derivative of s**2 - 7*s - 98. Give m(4).
1
Let u(i) = -48*i - 54*i - 18 - 47*i + 150*i. Give u(-5).
-23
Suppose 2*w = 7*w - 15. Let g(u) = 107*u - 5 - 106*u + 1. Calculate g(w).
-1
Let u(d) be the second derivative of d**5/20 - 5*d**2/2 - 2*d - 6. Give u(0).
-5
Let f(s) = -4*s**3 + s**2 - s - 3. Let u(p) be the second derivative of -p**5/20 - p**4/12 - p**3/6 + p**2/2 - 17*p. Let h(w) = f(w) - 3*u(w). Determine h(4).
2
Let h be -24*((-2 - -1) + -1). Let d = 47 - h. Let b(o) = -5*o. Determine b(d).
5
Let v(h) = -8 + 30*h**3 - 29*h**3 + 6*h**2 + 5*h + 2. Let z be -4 - (1 + 4 - 4). Calculate v(z).
-6
Let r(u) = 45*u - 1. Let y(p) = -13*p. Let o(v) = -2*r(v) - 7*y(v). Calculate o(9).
11
Let m(x) be the second derivative of x**5/20 - 5*x**4/12 - x**3 - 2*x**2 - 251*x. Calculate m(6).
-4
Let a(h) = 45*h**2 + h**3 - 4*h + 41*h**2 - 1 - 86*h**2. Calculate a(-3).
-16
Let x(n) = n + 5. Let p(k) = -k**3 - 5*k**2 - 3*k - 2. Let w be p(-4). Let g be (2/(-3))/(4/w). Suppose 2*s + 11 + g = 0. Calculate x(s).
-1
Suppose 0 = 4*m + 5*h - 6*h - 9, 8 = 2*m - 4*h. Let n(a) = -5*a**2 - 11*a + 12*a - m*a + 15*a**2. Calculate n(-1).
11
Suppose -4*h = h. Let o(g) = g**3 - 2*g**3 - 6 + 5*g**3 - g**2 - 5*g**3. Determine o(h).
-6
Let u be (0 - -2)*(1 - 0). Let m(a) = -3*a - 3*a + 6 + 7*a - a**3 - 3*a**2 - 8 + 3*a. What is m(u)?
-14
Let w(x) = -x + 2. Let c(h) = -h**2 - 18*h - 27. Let r be c(-16). Suppose -a + 36 = r*a. Determine w(a).
-4
Suppose 0 = 3*d - 5*t - 9 + 3, 5*d = -5*t + 10. Let p = d + -3. Let o(y) = 9*y + 12*y - 7*y + 1. What is o(p)?
-13
Let z be 4 + -1 + (-5 - -4). Suppose 0*v = -z*v. Let g(w) = w - 3*w**2 - w**2 + 5*w**2 + 1. What is g(v)?
1
Let c(t) be the second derivative of t**4 + 9*t. Let r = -23 - -24. Determine c(r).
12
Let h(y) = y + 13. Let z = -4 - -3. Let o be (z - -3)/((-1)/(-3)). Let l be (-2)/(-3) + (-40)/o. Determine h(l).
7
Let o(g) = 6*g + 10. Let h(j) = 3*j + 5. Let f(z) = -7*h(z) + 3*o(z). Calculate f(0).
-5
Suppose 2*x = -5*m + 11, 4*x - 8*m - 7 = -3*m. Let b(s) = -s + 6 + 3 - 8 + 2*s. Determine b(x).
4
Suppose -2*m - 360 = -4*m. Suppose -p = 3*p + m. Let f be 6/p - (-43)/(-15). Let g(k) = -k**2 - 3*k + 3. Calculate g(f).
3
Let i be (-56)/21*9/(-6). Let s(y) = 9*y + 3. Let v(q) = -8*q - 3. Suppose 29 = 5*d + 4. Let b(r) = d*v(r) + i*s(r). What is b(-4)?
13
Let c(i) = 3*i**3 - 6*i**2 + 12*i + 4. Let w(d) = -4*d**3 + 6*d**2 - 13*d - 4. Suppose 0 = -6*h - 10 + 34. Let m(t) = h*w(t) + 5*c(t). Calculate m(-7).
-3
Let u = 423 - 418. Let b(m) = m**3 - 6*m**2 + 5*m. Calculate b(u).
0
Let z = 9 - 6. Let l(a) be the first derivative of a**2/2 + a + 57. Give l(z).
4
Suppose u - 3*u + 10 = 4*c, 2*u - 2 = -2*c. Let r be 104/28 + (-2)/(-7) + u. Let f(d) = -13*d**2 + d. What is f(r)?
-12
Let i(u) = -108*u**2 + 192*u**2 + 2*u - 90*u**2 + 1 + u**3. Determine i(2).
-11
Let y(d) = 13*d**3 - 12*d**3 - d + 19 + 3*d**2 - 2*d**2 - 18. Let o = -7 + 7. Calculate y(o).
1
Let z(m) be the second derivative of -m**3/2 - 15*m**2/2 - 73*m. Determine z(12).
-51
Let m(j) = -j**3 - 4*j**2 + 3*j + 4. Let a be m(-5). Let l = -1 + -9. Let p = l + a. Let x(w) = 2*w - 3. Calculate x(p).
5
Suppose y + 9 = 2*s, -4 = y + s - 10. Suppose y = -f + 2, -3*w - 5*f - 13 = 0. Let p(i) = -i**2 - 8*i - 8. What is p(w)?
4
Let q(h) = -h**2 + 7*h + 18. Let y be q(9). Let m(i) = -i**3 + i**2 - i + 5. Give m(y).
5
Let v(q) be the second derivative of q**3 + 11*q**2 - 425*q. Determine v(-4).
-2
Let r(i) = -10*i - 75. Let p be r(-7). Let w(f) = f**2 + 2*f + 3. Calculate w(p).
18
Let g = 32 - 9. Let v = g - 16. Let m(r) = -r**2 + 6*r - 10. Give m(v).
-17
Let q(o) be the third derivative of 6*o**2 + 1/10*o**5 + 0 - 1/120*o**6 - 1/4*o**4 + 0*o + 1/6*o**3. Let v = -4 + 9. Determine q(v).
-4
Let d be -2 + (12/(-7))/((-16)/(-56)). Let a(r) = r**2 + 8*r. Determine a(d).
0
Suppose -4*m - 3 = 13. Let x(c) = -2*c + 8. Let y(i) = -i - 3. Let g(o) = x(o) + y(o). Determine g(m).
17
Suppose -3*n - 8 = 4*s, 0 = -2*s + 3 - 7. Suppose n = 20*g - 32*g - 48. Let i(l) = -2 + 4 + 3 + l. Give i(g).
1
Let t(c) = 10*c + 3*c**3 - 4*c**3 + 7 + 27*c**2 - 17*c**2 + 3 + 0*c**3. Calculate t(11).
-1
Let o(k) = -k**3 - 9*k**2 + 9*k - 8. Let l(y) = -y**3 - 19*y**2 + 38*y - 6. Let n be l(-21). Let q be n/(-8) - 4/16. What is o(q)?
2
Let b be 2/1*6/(-4). Let n(c) = -20*c + 35. Let v(o) = 9*o - 16. Let p(s) = 4*n(s) + 9*v(s). Calculate p(b).
-7
Let j = 5 + -3. Suppose -j*d = -4*o - d + 4, -2*d - 8 = -5*o. Let q(i) be the second derivative of -i**5/20 + i**3/6 + 5*i**2/2 + i. Determine q(o).
5
Let h(l) = l**3 - 4*l**2 - 5*l + 4. Let c(b) = 3*b**2 - 39*b - 38. Let u be c(-1). Give h(u).
-16
Let t be (-28)/(-1 + 0 - -2). Let q be (-152)/t + 6/(-14). Let z(j) = -3*j**2 + 4*j**2 + 0*j**2 - 5*j + q. Determine z(4).
1
Let o = 23 + -13. Suppose -3*a + u = o, -2*u - 3*u - 1 = 2*a. Let v(r) = -r**2 - 4*r - 1. Determine v(a).
2
Let b = 2 - -4. Let m(p) = -2*p**3 + 3*p**3 + 0*p**2 - 6*p**2 + b*p + 5. Suppose -30 = -267*s + 261*s. Determine m(s).
10
Let a(k) be the third derivative of -k**6/60 - k**5/15 - 5*k**4/24 - 5*k**3/6 + 31*k**2 - 4. Give a(-2).
5
Let d(w) = -2*w - 42. Let v be (1/(-3))/(36/2376). Calculate d(v).
2
Let b(j) = -j - 2. Let y = 18 + -15. Let f be (14/21)/((-2)/y). Let d be f - 4*(3 + -2). Determine b(d).
3
Let k(r) = r**3 - 6*r**2 + 6*r - 1. Suppose 0*w - 2 = -w. Suppose -w*d - 3*d + 30 = 0. Let h be (-3)/d - 18/(-4). Determine k(h).
-9
Let y(z) = -z - 5. Let p(x) = 0 - 4 + 0 - 5*x. Let h(v) = -11*v - 7. Let w(l) = 2*h(l) - 5*p(l). Let t be w(-4). What is y(t)?
1
Let s be ((-42)/12)/(2/4). Let r(k) = -3*k - 8. What is r(s)?
13
Let h(m) = 21*m**2 - m + 6. Suppose 10 + 5 = -3*g. Let t(y) = 20*y**2 - y + 5. Let k(c) = g*t(c) + 4*h(c). What is k(1)?
-16
Let c be (32/56)/((-7)/49). Let s(r) be the second derivative of -r**3/3 + 5*r**2/2 - 2*r. Calculate s(c).
13
Suppose -37*f + 78 = 41*f. Let s(v) = -v + 6. What is s(f)?
5
Let n(k) = k**3 + 4*k**2 - 6*k. Suppose 3*p - 49 = -g, 2*p = p + 4*g - 1. Suppose o + 3*h + p = 3*o, -2*o - h = -27. Let v be (-68)/o + (-4)/(-6). What is n(v)?
5
Let y(m) = -m**2 + 8*m - 9. Let g = 339 + -333. Calculate y(g).
3
Let j(s) = -s + 3. Suppose 0 = -z - 4 + 7. Let f be 6/4*4/z. Suppose -f*t + 5*t = 3*o - 9, -27 = -5*o - t. Give j(o).
-2
Let x(l) = l**2 - 3*l + 1. Let g be (-4 - (5 - 11)) + 0. Let z be 0 - (-6)/g - (-15 - -13). Give x(z).
11
Let r(w) be the second derivative of -12*w - 1/6*w**4 + 0 + w**2 + 1/2*w**3. Determine r(3).
-7
Let u(j) be the second derivative of -j**3/6 - j**2/2 + 52*j. Give u(3).
-4
Let m(u) = u**2 + 3. Let o(j) = j - 1. Let x = 0 - -6. Suppose 0 = -4*s + x*s - 2. Let p(g) = s*m(g) + 6*o(g). Calculate p(-6).
-3
Let c(u) = -u**3 + 13*u**2 + 27*u + 49. Let h(q) = -q**2 - 15*q - 39. Let k be h(-6). Give c(k).
4
Let p(q) = -34*q + 15*q + 11*q + 5 + 3*q + 2*q. Calculate p(9).
-22
Let o(k) = -8*k**3 + k**2. Let h(b) = -b**2 - 13*b - 23. Let q be h(-11). Calculate o(q).
9
Suppose 5*r + 340 = 22*r. Let s be 60/20*r/(-6). Let d(t) = t**3 + 10*t**2 + 2*t + 13. Determine d(s).
-7
Let b(s) be the first derivative of s**4/4 - 7*s**3/3 - 9*s**2/2 + 12*s - 70. What is b(8)?
4
Let f(w) = w**2 - 6*w - 10. Let p be -1 + (6 - 3) - -7. Suppose -p = 4*z - 33. Let g(y) = y**2 - 4*y - 5. Let c be g(z). Determine f(c).
-3
Let k = -115 - -115. Let t(c) be the third derivative of 1/120*c**6 - c**3 - 1/15*c**5 - 4*c**2 + k*c + 0 - 1/6*c**4. What is t(5)?
-1
Let u(f) = 4*f + 1. Let n(t) = 3*t + 2. Let i(y) = -7*n(y) + 6*u(y). Determine i(3).
1
Let x(k) = 6*k**2 + 9*k + 13. Let z(h) = -13*h**2 - 6 + 4*h**2 + 6*h**2 - 4*h. Let y(j) = 6*x(j) + 13*z(j). What is y(-2)?
-16
Let q be (4/8)/((-1)/(-56)). Let c = q + -20. Let w(r) = r**3 - 9*r**2 + 6*r + 9. Determine w(c).
-7
Let l(n) = n**3 - 6*n**2 + 1. Let w = 41 + -74. Let h be (9/(-1))/((-2)/(-6)). Let y = h - w. Calculate l(y).
1
Let p(h) = -5*h**2 + 3*h - 2. Let v(t) = -2*t**2 + t - 1. Suppose -o = w + 10 - 4, 0 = -2*o - w - 9. Let x(u) = o*v(u) + p(u). What is x(2)?
5
Let j be ((-276)/10)/6 - (-9)/15. Let q(